List the prime factors of 4478.
2, 2239
What are the prime factors of 2366?
2, 7, 13
What are the prime factors of 397?
397
List the prime factors of 76184.
2, 89, 107
List the prime factors of 553.
7, 79
List the prime factors of 50669.
23, 2203
What are the prime factors of 14071?
14071
What are the prime factors of 73504?
2, 2297
List the prime factors of 2364.
2, 3, 197
List the prime factors of 3864.
2, 3, 7, 23
List the prime factors of 530.
2, 5, 53
List the prime factors of 5660.
2, 5, 283
List the prime factors of 6524.
2, 7, 233
What are the prime factors of 3357?
3, 373
What are the prime factors of 66185?
5, 7, 31, 61
What are the prime factors of 288?
2, 3
List the prime factors of 7244.
2, 1811
What are the prime factors of 9215?
5, 19, 97
List the prime factors of 780.
2, 3, 5, 13
What are the prime factors of 12782?
2, 7, 11, 83
What are the prime factors of 23913?
3, 2657
List the prime factors of 13516.
2, 31, 109
List the prime factors of 24249.
3, 59, 137
What are the prime factors of 1511?
1511
What are the prime factors of 26666?
2, 67, 199
List the prime factors of 537.
3, 179
What are the prime factors of 314?
2, 157
List the prime factors of 627.
3, 11, 19
List the prime factors of 1878.
2, 3, 313
What are the prime factors of 101959?
11, 13, 23, 31
What are the prime factors of 158074?
2, 7, 1613
List the prime factors of 550.
2, 5, 11
What are the prime factors of 18045?
3, 5, 401
List the prime factors of 1652.
2, 7, 59
List the prime factors of 609.
3, 7, 29
List the prime factors of 2565.
3, 5, 19
What are the prime factors of 13484?
2, 3371
What are the prime factors of 52742?
2, 26371
List the prime factors of 151.
151
List the prime factors of 1147.
31, 37
What are the prime factors of 35977?
35977
List the prime factors of 6407.
43, 149
List the prime factors of 6851.
13, 17, 31
What are the prime factors of 6937?
7, 991
What are the prime factors of 12485?
5, 11, 227
What are the prime factors of 40679?
19, 2141
List the prime factors of 140.
2, 5, 7
List the prime factors of 2647.
2647
What are the prime factors of 3152?
2, 197
What are the prime factors of 43453?
19, 2287
List the prime factors of 81.
3
List the prime factors of 46168.
2, 29, 199
List the prime factors of 1487.
1487
What are the prime factors of 5629?
13, 433
What are the prime factors of 160314?
2, 3, 7, 11, 347
What are the prime factors of 401?
401
What are the prime factors of 16652?
2, 23, 181
List the prime factors of 208.
2, 13
List the prime factors of 1524.
2, 3, 127
What are the prime factors of 30611?
7, 4373
What are the prime factors of 1370?
2, 5, 137
List the prime factors of 30277.
13, 17, 137
What are the prime factors of 4965?
3, 5, 331
List the prime factors of 45861.
3, 15287
What are the prime factors of 7562?
2, 19, 199
What are the prime factors of 7816?
2, 977
What are the prime factors of 2318?
2, 19, 61
List the prime factors of 1911.
3, 7, 13
What are the prime factors of 56?
2, 7
List the prime factors of 2347.
2347
What are the prime factors of 110435?
5, 13, 1699
What are the prime factors of 20540?
2, 5, 13, 79
What are the prime factors of 53901?
3, 53, 113
What are the prime factors of 2359?
7, 337
What are the prime factors of 63220?
2, 5, 29, 109
List the prime factors of 1499.
1499
List the prime factors of 6063.
3, 43, 47
List the prime factors of 146.
2, 73
What are the prime factors of 1784?
2, 223
What are the prime factors of 33044?
2, 11, 751
List the prime factors of 116409.
3, 38803
What are the prime factors of 30?
2, 3, 5
What are the prime factors of 17874?
2, 3, 331
What are the prime factors of 4984?
2, 7, 89
List the prime factors of 204.
2, 3, 17
What are the prime factors of 1648?
2, 103
What are the prime factors of 146?
2, 73
List the prime factors of 42471.
3, 11, 13
List the prime factors of 16325.
5, 653
What are the prime factors of 23487?
3, 7829
What are the prime factors of 3778?
2, 1889
List the prime factors of 2664.
2, 3, 37
What are the prime factors of 1369?
37
List the prime factors of 2862.
2, 3, 53
List the prime factors of 3786.
2, 3, 631
List the prime factors of 6254.
2, 53, 59
What are the prime factors of 18322?
2, 9161
List the prime factors of 42718.
2, 13, 31, 53
What are the prime factors of 5807?
5807
List the prime factors of 13654.
2, 6827
List the prime factors of 91774.
2, 45887
List the prime factors of 3158.
2, 1579
What are the prime factors of 2242?
2, 19, 59
List the prime factors of 3278.
2, 11, 149
What are the prime factors of 641?
641
What are the prime factors of 8589?
3, 7, 409
List the prime factors of 696.
2, 3, 29
What are the prime factors of 27406?
2, 71, 193
What are the prime factors of 56924?
2, 7, 19, 107
List the prime factors of 2436.
2, 3, 7, 29
List the prime factors of 107790.
2, 3, 5, 3593
What are the prime factors of 1569?
3, 523
List the prime factors of 520.
2, 5, 13
List the prime factors of 6996.
2, 3, 11, 53
List the prime factors of 103904.
2, 17, 191
What are the prime factors of 5853?
3, 1951
What are the prime factors of 59494?
2, 151, 197
List the prime factors of 6182.
2, 11, 281
What are the prime factors of 2706?
2, 3, 11, 41
What are the prime factors of 11224?
2, 23, 61
List the prime factors of 19818.
2, 3, 367
List the prime factors of 66530.
2, 5, 6653
List the prime factors of 1935.
3, 5, 43
List the prime factors of 3903.
3, 1301
List the prime factors of 444.
2, 3, 37
What are the prime factors of 9842?
2, 7, 19, 37
List the prime factors of 23811.
3, 7937
List the prime factors of 2383.
2383
List the prime factors of 11410.
2, 5, 7, 163
What are the prime factors of 3893?
17, 229
What are the prime factors of 32964?
2, 3, 41, 67
What are the prime factors of 113038?
2, 56519
List the prime factors of 2983.
19, 157
List the prime factors of 274.
2, 137
What are the prime factors of 8450?
2, 5, 13
What are the prime factors of 33773?
33773
List the prime factors of 1808.
2, 113
List the prime factors of 5789.
7, 827
What are the prime factors of 448?
2, 7
What are the prime factors of 158?
2, 79
What are the prime factors of 11838?
2, 3, 1973
What are the prime factors of 9349?
9349
What are the prime factors of 28615?
5, 59, 97
List the prime factors of 29.
29
List the prime factors of 27654.
2, 3, 11, 419
What are the prime factors of 1142?
2, 571
What are the prime factors of 414?
2, 3, 23
List the prime factors of 94578.
2, 3, 11, 1433
List the prime factors of 34122.
2, 3, 11, 47
What are the prime factors of 106601?
11, 881
What are the prime factors of 3610?
2, 5, 19
What are the prime factors of 7162?
2, 3581
What are the prime factors of 70441?
7, 29, 347
What are the prime factors of 838?
2, 419
List the prime factors of 1800.
2, 3, 5
List the prime factors of 8207.
29, 283
What are the prime factors of 163140?
2, 3, 5, 2719
List the prime factors of 16198.
2, 7, 13, 89
What are the prime factors of 23776?
2, 743
What are the prime factors of 4628?
2, 13, 89
What are the prime factors of 101725?
5, 13, 313
What are the prime factors of 3965?
5, 13, 61
List the prime factors of 39996.
2, 3, 11, 101
What are the prime factors of 4263?
3, 7, 29
What are the prime factors of 9901?
9901
List the prime factors of 525.
3, 5, 7
List the prime factors of 14432.
2, 11, 41
List the prime factors of 33404.
2, 7, 1193
What are the prime factors of 16666?
2, 13, 641
What are the prime factors of 813?
3, 271
List the prime factors of 62.
2, 31
What are the prime factors of 12469?
37, 337
What are the prime factors of 105907?
105907
List the prime factors of 106.
2, 53
What are the prime factors of 2680?
2, 5, 67
What are the prime factors of 3160?
2, 5, 79
List the prime factors of 1796.
2, 449
List the prime factors of 6842.
2, 11, 311
List the prime factors of 1672.
2, 11, 19
What are the prime factors of 7735?
5, 7, 13, 17
List the prime factors of 37440.
2, 3, 5, 13
What are the prime factors of 3647?
7, 521
List the prime factors of 13024.
2, 11, 37
List the prime factors of 174650.
2, 5, 7, 499
What are the prime factors of 86564?
2, 17, 19, 67
What are the prime factors of 6834?
2, 3, 17, 67
What are the prime factors of 2495?
5, 499
List the prime factors of 60476.
2, 13, 1163
What are the prime factors 